(-7)*28/(-8). Suppose -x*w = -75 + 19. What is the greatest common factor of 28 and w?
28
Suppose 50 = 5*p + b, p + 50 = 6*p - 4*b. Let l be -1*p/(-2) + -2. Let x be (l - 1)/(8/44). Calculate the highest common divisor of 55 and x.
11
Let x = 20 - 22. Let l be (1 + 17)*(-2)/x. Calculate the highest common factor of l and 90.
18
Let f = 27 - 12. Calculate the highest common divisor of f and 15.
15
Let y be (-2)/(-4)*(-1 - -43). Let h = 41 - y. Let f be (-101)/(-2) - (-3)/(-6). Calculate the highest common factor of f and h.
10
Let d be -56*2/(16/(-4)). Calculate the highest common divisor of 140 and d.
28
Suppose 0 = 3*f + 12, 3*f - 203 = -3*n + 184. What is the greatest common factor of 7 and n?
7
Let a = -119 - -175. Calculate the greatest common divisor of 7 and a.
7
Suppose -11*g + 6*g = -105. Let a(x) = -x**3 - 5*x**2 + 2*x + 6. Let k be a(-5). Let r be (k/(-6))/(4/18). Calculate the highest common factor of g and r.
3
Let k(f) = -7*f - 4. Let r be k(-4). Let z = -12 + r. Suppose 5*i = 159 + 21. What is the highest common factor of i and z?
12
Suppose -2*n = -7*n + 55. What is the greatest common factor of n and 11?
11
Suppose 0*m = 5*k - m - 3, -4*k = 3*m - 10. Let a = -5 - -8. Calculate the greatest common divisor of k and a.
1
Let k = -38 - -56. Let z be (-112)/(-18) - 4/k. Let h be (8/(-3))/(10/(-45)). Calculate the greatest common divisor of h and z.
6
Let s = 35 - 34. What is the highest common divisor of s and 9?
1
Suppose -6 = 5*a - 1. Let k = 2 - a. Let l(d) = d**2 + d + 3. Let o be l(k). Calculate the greatest common divisor of 105 and o.
15
Let l = 5 + -6. Let q be 4 - 2 - -50 - l. Suppose 10 = -0*t + t - 4*o, -4*t = -3*o - q. Calculate the highest common factor of t and 56.
14
Let t(b) = b**2 - 8*b - 6. Let l be t(12). Calculate the greatest common factor of 28 and l.
14
Suppose 9*i - 145 = -y + 4*i, 3*y = 5*i + 495. Suppose -y - 210 = 5*p. Let q = p - -119. What is the highest common factor of 9 and q?
9
Let h = 13 + -10. Suppose 5*w - 4*k = -h*k + 29, 4*k - 22 = -3*w. Calculate the highest common divisor of w and 30.
6
Suppose -p = -4*l + 9, -3*l + 21 = 4*p - 0*p. What is the greatest common divisor of 1 and l?
1
Suppose 4*j + 4 = -3*z - 3, -3*z - 3 = 3*j. What is the highest common divisor of 3 and z?
3
Let x = -64 + 99. Calculate the highest common factor of x and 5.
5
Let c(o) = 2*o**2 + 6*o + 4. Let m be c(-5). Calculate the greatest common divisor of m and 3.
3
Let f be 50/1*5/10. Calculate the highest common factor of f and 25.
25
Let o be -1 + 7 + 1*-1. Let w(s) = -s**3 + 18*s**2 - 30*s - 17. Let z be w(16). What is the highest common divisor of o and z?
5
Suppose 3*f = -4*s + 4*f + 62, s - 24 = -4*f. What is the highest common factor of 32 and s?
16
Let v(u) = -u + 4. Suppose 3*s = -5 - 25. Let r be v(s). Calculate the greatest common factor of 7 and r.
7
Let n(j) = -28*j - 7. Let k be n(-5). Let h(f) = 19*f**3 + 2*f**2 - 3*f + 1. Let x be h(1). Calculate the highest common factor of k and x.
19
Let b be (-1 + 21/2)*2. Let l = b + 15. Calculate the highest common divisor of l and 17.
17
Let l(j) = -40*j**2 + 107*j**2 + 32*j**2. Let s be l(1). What is the highest common factor of 11 and s?
11
Suppose -t = 2*h - h + 1, -25 = -3*h + 4*t. Let n = h + -2. Calculate the greatest common divisor of n and 4.
1
Let o = -19 + 21. What is the greatest common factor of 1 and o?
1
Let g be (-5)/(-1) + (-1 - 0). Let n(m) = m - 4. Let v be n(-8). Let u be (2 - (-21)/(-9))*v. Calculate the highest common divisor of g and u.
4
Let k(j) = 33*j + 36. Let g be k(6). What is the greatest common divisor of g and 26?
26
Let o(h) = h + 15. Let p be o(-9). Calculate the greatest common divisor of 2 and p.
2
Let l(g) = g**2 - 5*g + 10. Let b be l(8). Calculate the highest common factor of 170 and b.
34
Let s = -6 + 15. Suppose 0 = j - 3*j - 32. Let a = j - -25. Calculate the highest common divisor of a and s.
9
Let h be (1 - 0)*(-12)/(-3). Suppose h*s = -0*s - 12. Let b be (0 + -54)/s - 2. What is the greatest common factor of 2 and b?
2
Let v(k) = -6*k + 9. Let t(p) = p - 2. Let o(m) = 33*t(m) + 6*v(m). Let q be o(-11). Calculate the greatest common factor of q and 189.
21
Let q = 72 - 62. What is the highest common factor of q and 30?
10
Let d be 936/65 + ((-7)/5 - -1). Calculate the highest common divisor of d and 7.
7
Let z(w) = -2*w**3 - 7*w**2 - 10*w - 9. Let p be z(-6). Let t be (-3)/(((-19)/38)/((-14)/(-4))). What is the highest common factor of p and t?
21
Suppose 2*d + v - 17 = -0*d, 4*d - 35 = -3*v. Suppose 251 + 249 = 5*s. Suppose -4*t = s - 324. Calculate the greatest common divisor of t and d.
8
Suppose -j + 263 = -5*q, -4*j + 0*q = q - 1010. Suppose 3*s - 84 = 5*r, 7*s = 2*s - 3*r + 106. What is the greatest common divisor of s and j?
23
Suppose 601 = 4*i - 895. Calculate the greatest common divisor of 34 and i.
34
Suppose -5*l - 11 = -p + 43, 2*p - 73 = 3*l. Calculate the highest common factor of p and 87.
29
Suppose 0 = 2*r + 1 + 5. Let p = r + 34. Suppose 0 = 3*o - 3*q - p - 35, -5*o = 4*q - 65. What is the greatest common factor of 136 and o?
17
Suppose -3 - 1 = k, 3*h - k = 37. Calculate the highest common factor of h and 22.
11
Let n be 390/20*4/3. Calculate the greatest common factor of n and 130.
26
Suppose 686 = -5*v + 2681. Suppose -v = 5*a - 149. Let w be ((-6)/15)/(2/a). What is the greatest common divisor of w and 25?
5
Let j(r) = 3*r + 8. Let q be j(2). What is the highest common divisor of q and 56?
14
Suppose 0 = -2*k - 4, -c + 2*c = 4*k + 36. Calculate the greatest common factor of 42 and c.
14
Let p(d) = 61*d - 1. Let q be p(1). Let l be q + (-16)/4 + 0. What is the greatest common factor of l and 140?
28
Let n be ((-364)/35)/((-4)/10). Calculate the greatest common divisor of 26 and n.
26
Let r = 11 + -8. Suppose 2*y = -0 - 2, v + r*y = 0. Suppose 4*a = -5*x - 6, -4*a + a = -3*x - 9. What is the greatest common factor of v and a?
1
Let i = -23 - -1. Let t = -3 - 0. Let q be 3/t + i/(-2). Calculate the highest common factor of 70 and q.
10
Let d(b) = -4*b - 2. Let f be d(-4). Suppose 2*k + 5*t = -11, -4*t = 5*k + 3 - 1. Suppose k*z = 3*z - 56. What is the highest common divisor of f and z?
14
Let h(y) = -y**3 + 6*y**2 - y. Suppose -4*n + 6*n - 12 = 0. Suppose n + 9 = 5*p. Let j be h(p). Calculate the highest common factor of 16 and j.
8
Suppose 4*g + r = 22, 4*g - 2*r - 22 = 6. Let w = 0 + g. Calculate the greatest common divisor of w and 48.
6
Let j(r) = -r**2 + 5*r - 3. Let b(n) = 5*n**2 - 1 + 4 - 4*n**2. Let m be b(0). Let v be j(m). Calculate the greatest common divisor of 27 and v.
3
Let b be 494/8 + 3/12. Calculate the highest common factor of 31 and b.
31
Let y be (-2)/(-2 - 22/(-12)). What is the highest common divisor of 108 and y?
12
Let y = -14 - -42. Let o be (-1*(0 - -4))/(-1). Calculate the greatest common factor of y and o.
4
Suppose -2*v - v - u + 17 = 0, -2*u = -4. Suppose 0 = o + v*z - 29, -2*z - 11 = -o - z. Calculate the greatest common factor of 126 and o.
14
Let a = -22 - 36. Let t = 20 - a. Calculate the highest common divisor of t and 26.
26
Let f = 6 + -4. Let r be f/(-3) - (-492)/9. Suppose 8 = 2*b - i, -6*b + 38 = -3*b + 5*i. Calculate the highest common divisor of b and r.
6
Let a(s) = 4*s - 2*s - s + 1. Let d be a(7). Calculate the highest common factor of 20 and d.
4
Let f = -29 - -20. Let v = 11 + f. What is the highest common divisor of v and 2?
2
Let o(n) = 2*n**2 + 6*n + 9. Let j be o(-6). Let l(r) = 2*r**2 + 34*r + 37. Let a be l(-16). What is the highest common divisor of a and j?
5
Let l = -10 + 17. Suppose -297 = -4*d - l*u + 2*u, -3*d = -4*u - 246. What is the highest common divisor of d and 52?
26
Suppose -1 = -3*i + 2. Let k = i + 0. Calculate the highest common factor of 9 and k.
1
Let t(n) = -3*n**3 + 7*n**3 + 2*n**2 + 2*n**3. Let r be t(2). Suppose 0 = s - 2*w - 1, -5 = 4*w - 17. What is the highest common divisor of s and r?
7
Let l(h) = 9*h**2 + 2*h + 1. Let r be (3/(-3))/((-1)/(-2)). Let c be l(r). Let p be 1/2 - (-172)/8. What is the highest common factor of c and p?
11
Let a(w) = -9*w + 4. Let y(x) = -3*x**3 - 2*x**2 - x + 2. Let u be y(1). Let v be a(u). Calculate the highest common factor of v and 60.
20
Let k = 5 - -3. Suppose 4*a - 34 = -2*c + c, 4*a = -3